{"id":587,"date":"2024-09-16T12:13:59","date_gmt":"2024-09-16T10:13:59","guid":{"rendered":"https:\/\/p-anu389.project.space\/?page_id=587"},"modified":"2024-09-16T12:16:20","modified_gmt":"2024-09-16T10:16:20","slug":"impressum","status":"publish","type":"page","link":"https:\/\/p-anu389.project.space\/index.php\/impressum\/","title":{"rendered":"Impressum"},"content":{"rendered":"\t\t<div data-elementor-type=\"wp-page\" data-elementor-id=\"587\" class=\"elementor elementor-587\">\n\t\t\t\t\t\t<section class=\"elementor-section elementor-top-section elementor-element elementor-element-5d5a9c67 elementor-section-height-min-height elementor-section-boxed elementor-section-height-default elementor-section-items-middle\" data-id=\"5d5a9c67\" data-element_type=\"section\" id=\"home\" data-settings=\"{&quot;background_background&quot;:&quot;classic&quot;}\">\n\t\t\t\t\t\t\t<div class=\"elementor-background-overlay\"><\/div>\n\t\t\t\t\t\t\t<div class=\"elementor-container elementor-column-gap-default\">\n\t\t\t\t\t<div class=\"elementor-column elementor-col-100 elementor-top-column elementor-element elementor-element-51523276 elementor-invisible\" data-id=\"51523276\" data-element_type=\"column\" data-settings=\"{&quot;animation&quot;:&quot;fadeIn&quot;,&quot;animation_delay&quot;:0}\">\n\t\t\t<div class=\"elementor-widget-wrap elementor-element-populated\">\n\t\t\t\t\t\t<div class=\"elementor-element elementor-element-1fa5e36 elementor-widget elementor-widget-writing-effect-headline\" data-id=\"1fa5e36\" data-element_type=\"widget\" data-widget_type=\"writing-effect-headline.default\">\n\t\t\t\t<div class=\"elementor-widget-container\">\n\t\t\t        <h3 class=\"futurio-extra-written-headline\" data-speed=\"43\" data-delay=\"2000\" data-loop=\"1\">\r\n                    <span class=\"before-written\">Impressum<\/span>\r\n        \r\n        \r\n                <\/h3>\r\n        \t\t<\/div>\n\t\t\t\t<\/div>\n\t\t\t\t<div class=\"elementor-element elementor-element-51b70522 elementor-widget elementor-widget-spacer\" data-id=\"51b70522\" data-element_type=\"widget\" data-widget_type=\"spacer.default\">\n\t\t\t\t<div class=\"elementor-widget-container\">\n\t\t\t<style>\/*! elementor - v3.23.0 - 05-08-2024 *\/\n.elementor-column .elementor-spacer-inner{height:var(--spacer-size)}.e-con{--container-widget-width:100%}.e-con-inner>.elementor-widget-spacer,.e-con>.elementor-widget-spacer{width:var(--container-widget-width,var(--spacer-size));--align-self:var(--container-widget-align-self,initial);--flex-shrink:0}.e-con-inner>.elementor-widget-spacer>.elementor-widget-container,.e-con>.elementor-widget-spacer>.elementor-widget-container{height:100%;width:100%}.e-con-inner>.elementor-widget-spacer>.elementor-widget-container>.elementor-spacer,.e-con>.elementor-widget-spacer>.elementor-widget-container>.elementor-spacer{height:100%}.e-con-inner>.elementor-widget-spacer>.elementor-widget-container>.elementor-spacer>.elementor-spacer-inner,.e-con>.elementor-widget-spacer>.elementor-widget-container>.elementor-spacer>.elementor-spacer-inner{height:var(--container-widget-height,var(--spacer-size))}.e-con-inner>.elementor-widget-spacer.elementor-widget-empty,.e-con>.elementor-widget-spacer.elementor-widget-empty{position:relative;min-height:22px;min-width:22px}.e-con-inner>.elementor-widget-spacer.elementor-widget-empty .elementor-widget-empty-icon,.e-con>.elementor-widget-spacer.elementor-widget-empty .elementor-widget-empty-icon{position:absolute;top:0;bottom:0;left:0;right:0;margin:auto;padding:0;width:22px;height:22px}<\/style>\t\t<div class=\"elementor-spacer\">\n\t\t\t<div class=\"elementor-spacer-inner\"><\/div>\n\t\t<\/div>\n\t\t\t\t<\/div>\n\t\t\t\t<\/div>\n\t\t\t\t\t<\/div>\n\t\t<\/div>\n\t\t\t\t\t<\/div>\n\t\t<\/section>\n\t\t<div class=\"elementor-element elementor-element-a959c7f e-flex e-con-boxed e-con e-parent\" data-id=\"a959c7f\" data-element_type=\"container\">\n\t\t\t\t\t<div class=\"e-con-inner\">\n\t\t\t\t<div class=\"elementor-element elementor-element-ca76df9 elementor-widget elementor-widget-text-editor\" data-id=\"ca76df9\" data-element_type=\"widget\" data-widget_type=\"text-editor.default\">\n\t\t\t\t<div class=\"elementor-widget-container\">\n\t\t\t<style>\/*! elementor - v3.23.0 - 05-08-2024 *\/\n.elementor-widget-text-editor.elementor-drop-cap-view-stacked .elementor-drop-cap{background-color:#69727d;color:#fff}.elementor-widget-text-editor.elementor-drop-cap-view-framed .elementor-drop-cap{color:#69727d;border:3px solid;background-color:transparent}.elementor-widget-text-editor:not(.elementor-drop-cap-view-default) .elementor-drop-cap{margin-top:8px}.elementor-widget-text-editor:not(.elementor-drop-cap-view-default) .elementor-drop-cap-letter{width:1em;height:1em}.elementor-widget-text-editor .elementor-drop-cap{float:left;text-align:center;line-height:1;font-size:50px}.elementor-widget-text-editor .elementor-drop-cap-letter{display:inline-block}<\/style>\t\t\t\t<p>Herausgeber:<\/p><p>Kaiserhof Gastronomie GmbH<\/p><p>Marktplatz 3<\/p><p>86720 N\u00f6rdlingen<\/p><p>Telefon: +49(0)9081 5067<\/p><p>Fax: \u00a0 \u00a0 \u00a0 +49(0)9081 23999<\/p><p>Email: \u00a0 \u00a0 info@kaiserhof-hotel-sonne.de<\/p><p><strong>Bildnachweise:\u00a0<\/strong><\/p><p>\u00a9Ferienland Donau-Ries e.V.<\/p><p>\u00a9Marco Kleebauer\u00a0<\/p><p>\u00a9pixabay<\/p><p>\u00a9Foto Hirsch\u00a0<\/p><p>\u00a9Stadt N\u00f6rdlingen\u00a0<\/p><p>\u00a9Flickr<\/p><p>\u00a9Heidi K\u00e4llner<\/p><p>\u00a0<\/p><p><strong>Haftungsausschluss<\/strong><\/p><p>1. Inhalt des Onlineangebotes<\/p><p>Der Autor \u00fcbernimmt keinerlei Gew\u00e4hr f\u00fcr die Aktualit\u00e4t, Korrektheit, Vollst\u00e4ndigkeit oder Qualit\u00e4t der bereitgestellten Informationen. Haftungsanspr\u00fcche gegen den Autor, welche sich auf Sch\u00e4den materieller oder ideeller Art beziehen, die durch die Nutzung oder Nichtnutzung der dargebotenen Informationen bzw. durch die Nutzung fehlerhafter und unvollst\u00e4ndiger Informationen verursacht wurden sind grunds\u00e4tzlich ausgeschlossen, sofern seitens des Autors kein nachweislich vors\u00e4tzliches oder grob fahrl\u00e4ssiges Verschulden vorliegt.<\/p><p>Alle Angebote sind freibleibend und unverbindlich. Der Autor beh\u00e4lt es sich ausdr\u00fccklich vor, Teile der Seiten oder das gesamte Angebot ohne gesonderte Ank\u00fcndigung zu ver\u00e4ndern, zu erg\u00e4nzen, zu l\u00f6schen oder die Ver\u00f6ffentlichung zeitweise oder endg\u00fcltig einzustellen.<\/p><p><strong>2. Verweise und Links<\/strong><\/p><p>Bei direkten oder indirekten Verweisen auf fremde Internetseiten (\u201eLinks\u201c), die au\u00dferhalb des Verantwortungsbereiches des Autors liegen, w\u00fcrde eine Haftungsverpflichtung ausschlie\u00dflich in dem Fall in Kraft treten, in dem der Autor von den Inhalten Kenntnis hat und es ihm technisch m\u00f6glich und zumutbar w\u00e4re, die Nutzung im Falle rechtswidriger Inhalte zu verhindern.<\/p><p>Der Autor erkl\u00e4rt daher ausdr\u00fccklich, dass zum Zeitpunkt der Linksetzung die entsprechenden verlinkten Seiten frei von illegalen Inhalten waren. Der Autor hat keinerlei Einfluss auf die aktuelle und zuk\u00fcnftige Gestaltung und auf die Inhalte der gelinkten\/verkn\u00fcpften Seiten. Deshalb distanziert er sich hiermit ausdr\u00fccklich von allen Inhalten aller gelinkten \/verkn\u00fcpften Seiten, die nach der Linksetzung ver\u00e4ndert wurden. Diese Feststellung gilt f\u00fcr alle innerhalb des eigenen Internetangebotes gesetzten Links und Verweise sowie f\u00fcr Fremdeintr\u00e4ge in vom Autor eingerichteten G\u00e4steb\u00fcchern, Diskussionsforen und Mailinglisten. F\u00fcr illegale, fehlerhafte oder unvollst\u00e4ndige Inhalte und insbesondere f\u00fcr Sch\u00e4den, die aus der Nutzung oder Nichtnutzung solcherart dargebotener Informationen entstehen, haftet allein der Anbieter der Seite, auf welche verwiesen wurde, nicht derjenige, der \u00fcber Links auf die jeweilige Ver\u00f6ffentlichung lediglich verweist.<\/p><p><strong>3. Urheber- und Kennzeichenrecht<\/strong><\/p><p>Der Autor ist bestrebt, in allen Publikationen die Urheberrechte der verwendeten Grafiken, Tondokumente, Videosequenzen und Texte zu beachten, von ihm selbst erstellte Grafiken, Tondokumente, Videosequenzen und Texte zu nutzen oder auf lizenzfreie Grafiken, Tondokumente, Videosequenzen und Texte zur\u00fcckzugreifen.<\/p><p>Alle innerhalb des Internetangebotes genannten und ggf. durch Dritte gesch\u00fctzten Marken- und Warenzeichen unterliegen uneingeschr\u00e4nkt den Bestimmungen des jeweils g\u00fcltigen Kennzeichenrechts und den Besitzrechten der jeweiligen eingetragenen Eigent\u00fcmer. Allein aufgrund der blo\u00dfen Nennung ist nicht der Schlu\u00df zu ziehen, dass Markenzeichen nicht durch Rechte Dritter gesch\u00fctzt sind!<\/p><p>Das Copyright f\u00fcr ver\u00f6ffentlichte, vom Autor selbst erstellte Objekte bleibt allein beim Autor der Seiten. Eine Vervielf\u00e4ltigung oder Verwendung solcher Grafiken, Tondokumente, Videosequenzen und Texte in anderen elektronischen oder gedruckten Publikationen ist ohne ausdr\u00fcckliche Zustimmung des Autors nicht gestattet.<\/p><p><strong>4. Datenschutz<\/strong><\/p><p>Sofern innerhalb des Internetangebotes die M\u00f6glichkeit zur Eingabe pers\u00f6nlicher oder gesch\u00e4ftlicher Daten (Emailadressen, Namen, Anschriften) besteht, so erfolgt die Preisgabe dieser Daten seitens des Nutzers auf ausdr\u00fccklich freiwilliger Basis. Die Inanspruchnahme und Bezahlung aller angebotenen Dienste ist \u2013 soweit technisch m\u00f6glich und zumutbar \u2013 auch ohne Angabe solcher Daten bzw. unter Angabe anonymisierter Daten oder eines Pseudonyms gestattet.<\/p><p><strong>5. Rechtswirksamkeit dieses Haftungsausschlusses<\/strong><\/p><p>Dieser Haftungsausschluss ist als Teil des Internetangebotes zu betrachten, von dem aus auf diese Seite verwiesen wurde. Sofern Teile oder einzelne Formulierungen dieses Textes der geltenden Rechtslage nicht, nicht mehr oder nicht vollst\u00e4ndig entsprechen sollten, bleiben die \u00fcbrigen Teile des Dokumentes in ihrem Inhalt und ihrer G\u00fcltigkeit davon unber\u00fchrt.<\/p><p><strong>Datenschutz:<\/strong><\/p><p>F\u00fcr den Kaiserhof Hotel Sonne (nachfolgend die Sonne) ist der Schutz personenbezogener Daten von h\u00f6chster Bedeutung. Wir wissen, dass die Angabe solcher Daten im Internet ein hohes Vertrauen in unser Unternehmen voraussetzt und sind uns der damit verbundenen Verantwortung bewusst. Kaiser Hotel Sonne UG verpflichtet sich daher, Ihre Privatsph\u00e4re zu sch\u00fctzen und s\u00e4mtliche Online-Angebote sowie die dabei anfallenden Daten entsprechend den gesetzlichen Vorgaben zu verarbeiten. Mit dieser Datenschutzerkl\u00e4rung m\u00f6chten wir Ihnen \u00fcber unsere gesetzliche Verpflichtung hinaus Informationen zum Thema Datenschutz und Datensicherheit geben.<\/p><p>Wir erheben und verarbeiten personenbezogene Daten nur, wenn Sie uns dazu Ihr ausdr\u00fcckliches Einverst\u00e4ndnis erteilt haben oder der Gesetzgeber die Datenverarbeitung ausdr\u00fccklich zul\u00e4sst.<\/p><p>Um Ihnen die Datenverarbeitung so transparent wie m\u00f6glich zu machen, informieren wir Sie hier dar\u00fcber, in welchem Umfang wir G\u00e4steinformationen \u00fcberhaupt nutzen und wie wir Ihre privaten Angaben sch\u00fctzen.<\/p><p>Warum brauchen wir Informationen von Ihnen? Und vor allem, wie nutzen wir diese?<\/p><p>Wir ben\u00f6tigen personenbezogene Daten ausschlie\u00dflich aus zwei Gr\u00fcnden: Erstens, um Ihre Anfrage oder Buchung \u00fcberhaupt bearbeiten zu k\u00f6nnen und zweitens, um Sie mit dem bestm\u00f6glichen Service zu versorgen.<\/p><p>Wenn Sie bei \u00a0uns buchen, ben\u00f6tigen wir Ihren Namen und die Adresse, Ihre Telefon- und ggf. Telefaxnummer sowie Ihre Kreditkartennummer.<\/p><p>Diese Daten werden in keinem Fall zu Zwecken verwendet, die gegen geltendes Datenschutzrecht versto\u00dfen! Sie erm\u00f6glichen es uns lediglich, die Buchung Ihrem Auftrag entsprechend weiterzuverarbeiten und Ihnen ggf. Unterlagen per Post zuzusenden. Wir ben\u00f6tigen Ihre Telefonnummer, damit wir in dringenden F\u00e4llen mit Ihnen Kontakt aufnehmen k\u00f6nnen, sollte es ein Problem mit Ihrer Reservierung geben.<\/p><p>Kundenauskunft und Widerruf<\/p><p>Wenn Sie wissen m\u00f6chten, welche personenbezogenen Daten von Ihnen bei uns gespeichert sind, dann senden Sie uns bitte eine E-Mail an info@kaiserhof-hotel-sonne.de. \u00dcber diese Adresse k\u00f6nnen Sie auch jederzeit die L\u00f6schung oder Korrektur der bei uns gespeicherten Daten vornehmen.<\/p><p>Wenn Sie uns im Rahmen der Nutzung des Online-Angebotes der Kaiserhof Hotel Sonne die Einwilligung zur Verarbeitung Ihrer Daten \u00fcber Buchungszwecke hinaus gegeben haben, so k\u00f6nnen Sie diese Einwilligung jederzeit durch eine E-Mail an diese Adresse widerrufen. Ebenfalls \u00fcber diese Adresse erfahren Sie, welche Einwilligungen Sie in welchem Umfang erteilt haben.<\/p><p>Wie sch\u00fctzen wir Ihre Informationen?<\/p><p>Alle Mitarbeiter des Kaiserhof Hotel Sonne die mit personenbezogenen Daten umgehen wurden gem. \u00a75 Bundesdatenschutzgesetz bei der Aufnahme ihrer T\u00e4tigkeit zur Verschwiegenheit verpflichtet. Das Hotel Kaiserhof setzt dar\u00fcber hinaus technische und organisatorische Sicherheitsma\u00dfnahmen ein, um personenbezogene Daten vor Manipulation, Zerst\u00f6rung oder Verlust zu sch\u00fctzen.<\/p><p>Einsatz von \u201eCookies\u201c<\/p><p>Cookies sind kleine Dateien, die von Ihrem Browser auf dem \u201ehard drive\u201c Ihres Computers gespeichert werden. Diese k\u00f6nnen von Ihnen jederzeit wieder gel\u00f6scht werden, oder von vorneherein \u00fcber Ihre Browsereinstellungen nicht zugelassen werden. Die meisten Browser akzeptieren Cookies automatisch.<\/p><p>Auch ohne Cookies k\u00f6nnen Sie die meisten Elemente auf unserer Website benutzen, au\u00dfer dem Buchungssystem. Deshalb empfehlen wir, den Einsatz der Cookies in Ihrem Browser nicht au\u00dfer Kraft zu setzen!<\/p><p>Weitergabe von Informationen an Dritte<\/p><p>Wir geben ohne Ihre Zustimmung keine personenbezogenen Daten an andere Personen oder Organisationen weiter, es sei denn, ein Notfall erfordert dies oder wir werden gesetzlich dazu aufgefordert.<\/p><p>F\u00fcr Fragen zum Thema Datenschutz k\u00f6nnen Sie uns jederzeit eine E-Mail an Info@kaiserhof-hotel-sonne.de senden.<\/p>\t\t\t\t\t\t<\/div>\n\t\t\t\t<\/div>\n\t\t\t\t\t<\/div>\n\t\t\t\t<\/div>\n\t\t\t\t<\/div>\n\t\t","protected":false},"excerpt":{"rendered":"<p>Impressum Herausgeber: Kaiserhof Gastronomie GmbH Marktplatz 3 86720 N\u00f6rdlingen Telefon: +49(0)9081 5067 Fax: \u00a0 \u00a0 \u00a0 +49(0)9081 23999 Email: \u00a0 \u00a0 info@kaiserhof-hotel-sonne.de Bildnachweise:\u00a0 \u00a9Ferienland Donau-Ries e.V. \u00a9Marco Kleebauer\u00a0 \u00a9pixabay \u00a9Foto Hirsch\u00a0 \u00a9Stadt N\u00f6rdlingen\u00a0 \u00a9Flickr \u00a9Heidi K\u00e4llner \u00a0 Haftungsausschluss 1. Inhalt des Onlineangebotes Der Autor \u00fcbernimmt keinerlei Gew\u00e4hr f\u00fcr die Aktualit\u00e4t, Korrektheit, Vollst\u00e4ndigkeit oder Qualit\u00e4t der&hellip;<\/p>\n","protected":false},"author":1,"featured_media":0,"parent":0,"menu_order":0,"comment_status":"closed","ping_status":"closed","template":"","meta":{"footnotes":""},"class_list":["post-587","page","type-page","status-publish","hentry"],"_links":{"self":[{"href":"https:\/\/p-anu389.project.space\/index.php\/wp-json\/wp\/v2\/pages\/587","targetHints":{"allow":["GET"]}}],"collection":[{"href":"https:\/\/p-anu389.project.space\/index.php\/wp-json\/wp\/v2\/pages"}],"about":[{"href":"https:\/\/p-anu389.project.space\/index.php\/wp-json\/wp\/v2\/types\/page"}],"author":[{"embeddable":true,"href":"https:\/\/p-anu389.project.space\/index.php\/wp-json\/wp\/v2\/users\/1"}],"replies":[{"embeddable":true,"href":"https:\/\/p-anu389.project.space\/index.php\/wp-json\/wp\/v2\/comments?post=587"}],"version-history":[{"count":4,"href":"https:\/\/p-anu389.project.space\/index.php\/wp-json\/wp\/v2\/pages\/587\/revisions"}],"predecessor-version":[{"id":593,"href":"https:\/\/p-anu389.project.space\/index.php\/wp-json\/wp\/v2\/pages\/587\/revisions\/593"}],"wp:attachment":[{"href":"https:\/\/p-anu389.project.space\/index.php\/wp-json\/wp\/v2\/media?parent=587"}],"curies":[{"name":"wp","href":"https:\/\/api.w.org\/{rel}","templated":true}]}}