{"id":261,"date":"2024-08-13T19:27:54","date_gmt":"2024-08-13T17:27:54","guid":{"rendered":"https:\/\/p-anu389.project.space\/?page_id=261"},"modified":"2024-09-16T10:56:22","modified_gmt":"2024-09-16T08:56:22","slug":"das-staepfele","status":"publish","type":"page","link":"https:\/\/p-anu389.project.space\/index.php\/das-staepfele\/","title":{"rendered":"Das St\u00e4pfele"},"content":{"rendered":"\t\t<div data-elementor-type=\"wp-page\" data-elementor-id=\"261\" class=\"elementor elementor-261\">\n\t\t\t\t\t\t<section class=\"elementor-section elementor-top-section elementor-element elementor-element-a97ce18 elementor-section-height-min-height elementor-section-boxed elementor-section-height-default elementor-section-items-middle\" data-id=\"a97ce18\" data-element_type=\"section\" id=\"home\" data-settings=\"{&quot;background_background&quot;:&quot;slideshow&quot;,&quot;background_slideshow_gallery&quot;:[{&quot;id&quot;:303,&quot;url&quot;:&quot;https:\\\/\\\/p-anu389.project.space\\\/wp-content\\\/uploads\\\/2024\\\/08\\\/17135_0068.jpg&quot;},{&quot;id&quot;:347,&quot;url&quot;:&quot;https:\\\/\\\/p-anu389.project.space\\\/wp-content\\\/uploads\\\/2024\\\/08\\\/17134_9969.jpg&quot;},{&quot;id&quot;:348,&quot;url&quot;:&quot;https:\\\/\\\/p-anu389.project.space\\\/wp-content\\\/uploads\\\/2024\\\/08\\\/17134_9999.jpg&quot;}],&quot;background_slideshow_loop&quot;:&quot;yes&quot;,&quot;background_slideshow_slide_duration&quot;:5000,&quot;background_slideshow_slide_transition&quot;:&quot;fade&quot;,&quot;background_slideshow_transition_duration&quot;:500}\">\n\t\t\t\t\t\t\t<div class=\"elementor-background-overlay\"><\/div>\n\t\t\t\t\t\t\t<div class=\"elementor-container elementor-column-gap-default\">\n\t\t\t\t\t<div class=\"elementor-column elementor-col-100 elementor-top-column elementor-element elementor-element-7b165e5c elementor-invisible\" data-id=\"7b165e5c\" data-element_type=\"column\" data-settings=\"{&quot;animation&quot;:&quot;fadeIn&quot;,&quot;animation_delay&quot;:0}\">\n\t\t\t<div class=\"elementor-widget-wrap elementor-element-populated\">\n\t\t\t\t\t\t<div class=\"elementor-element elementor-element-23af24e4 elementor-widget elementor-widget-writing-effect-headline\" data-id=\"23af24e4\" data-element_type=\"widget\" data-widget_type=\"writing-effect-headline.default\">\n\t\t\t\t<div class=\"elementor-widget-container\">\n\t\t\t        <h3 class=\"futurio-extra-written-headline\" data-speed=\"43\" data-delay=\"2000\" data-loop=\"1\">\r\n                    <span class=\"before-written\">Das St\u00e4pfele<\/span>\r\n        \r\n        \r\n                <\/h3>\r\n        \t\t<\/div>\n\t\t\t\t<\/div>\n\t\t\t\t<section class=\"elementor-section elementor-inner-section elementor-element elementor-element-57e74e84 elementor-section-boxed elementor-section-height-default elementor-section-height-default\" data-id=\"57e74e84\" data-element_type=\"section\">\n\t\t\t\t\t\t<div class=\"elementor-container elementor-column-gap-no\">\n\t\t\t\t\t<div class=\"elementor-column elementor-col-100 elementor-inner-column elementor-element elementor-element-6ed81dde\" data-id=\"6ed81dde\" data-element_type=\"column\">\n\t\t\t<div class=\"elementor-widget-wrap elementor-element-populated\">\n\t\t\t\t\t\t<div class=\"elementor-element elementor-element-3acf9785 text-center elementor-widget elementor-widget-advanced-text-block\" data-id=\"3acf9785\" data-element_type=\"widget\" data-widget_type=\"advanced-text-block.default\">\n\t\t\t\t<div class=\"elementor-widget-container\">\n\t\t\t<div class=\"futurio_extra_adv_text_block \" ><div class=\"text-content-block\"><p>Historischer Gew\u00f6lbekeller<\/p><\/div><\/div>\t\t<\/div>\n\t\t\t\t<\/div>\n\t\t\t\t\t<\/div>\n\t\t<\/div>\n\t\t\t\t\t<\/div>\n\t\t<\/section>\n\t\t\t\t<div class=\"elementor-element elementor-element-ca4b153 elementor-widget elementor-widget-spacer\" data-id=\"ca4b153\" data-element_type=\"widget\" data-widget_type=\"spacer.default\">\n\t\t\t\t<div class=\"elementor-widget-container\">\n\t\t\t<style>\/*! elementor - v3.23.0 - 05-08-2024 *\/\n.elementor-column .elementor-spacer-inner{height:var(--spacer-size)}.e-con{--container-widget-width:100%}.e-con-inner>.elementor-widget-spacer,.e-con>.elementor-widget-spacer{width:var(--container-widget-width,var(--spacer-size));--align-self:var(--container-widget-align-self,initial);--flex-shrink:0}.e-con-inner>.elementor-widget-spacer>.elementor-widget-container,.e-con>.elementor-widget-spacer>.elementor-widget-container{height:100%;width:100%}.e-con-inner>.elementor-widget-spacer>.elementor-widget-container>.elementor-spacer,.e-con>.elementor-widget-spacer>.elementor-widget-container>.elementor-spacer{height:100%}.e-con-inner>.elementor-widget-spacer>.elementor-widget-container>.elementor-spacer>.elementor-spacer-inner,.e-con>.elementor-widget-spacer>.elementor-widget-container>.elementor-spacer>.elementor-spacer-inner{height:var(--container-widget-height,var(--spacer-size))}.e-con-inner>.elementor-widget-spacer.elementor-widget-empty,.e-con>.elementor-widget-spacer.elementor-widget-empty{position:relative;min-height:22px;min-width:22px}.e-con-inner>.elementor-widget-spacer.elementor-widget-empty .elementor-widget-empty-icon,.e-con>.elementor-widget-spacer.elementor-widget-empty .elementor-widget-empty-icon{position:absolute;top:0;bottom:0;left:0;right:0;margin:auto;padding:0;width:22px;height:22px}<\/style>\t\t<div class=\"elementor-spacer\">\n\t\t\t<div class=\"elementor-spacer-inner\"><\/div>\n\t\t<\/div>\n\t\t\t\t<\/div>\n\t\t\t\t<\/div>\n\t\t\t\t\t<\/div>\n\t\t<\/div>\n\t\t\t\t\t<\/div>\n\t\t<\/section>\n\t\t<div class=\"elementor-element elementor-element-95998df e-flex e-con-boxed e-con e-parent\" data-id=\"95998df\" data-element_type=\"container\">\n\t\t\t\t\t<div class=\"e-con-inner\">\n\t\t<div class=\"elementor-element elementor-element-e246af0 e-con-full e-flex e-con e-child\" data-id=\"e246af0\" data-element_type=\"container\" data-settings=\"{&quot;background_background&quot;:&quot;gradient&quot;}\">\n\t\t\t\t<div class=\"elementor-element elementor-element-44e0c9f elementor-widget elementor-widget-text-editor\" data-id=\"44e0c9f\" data-element_type=\"widget\" data-widget_type=\"text-editor.default\">\n\t\t\t\t<div class=\"elementor-widget-container\">\n\t\t\t<style>\/*! elementor - v3.23.0 - 05-08-2024 *\/\n.elementor-widget-text-editor.elementor-drop-cap-view-stacked .elementor-drop-cap{background-color:#69727d;color:#fff}.elementor-widget-text-editor.elementor-drop-cap-view-framed .elementor-drop-cap{color:#69727d;border:3px solid;background-color:transparent}.elementor-widget-text-editor:not(.elementor-drop-cap-view-default) .elementor-drop-cap{margin-top:8px}.elementor-widget-text-editor:not(.elementor-drop-cap-view-default) .elementor-drop-cap-letter{width:1em;height:1em}.elementor-widget-text-editor .elementor-drop-cap{float:left;text-align:center;line-height:1;font-size:50px}.elementor-widget-text-editor .elementor-drop-cap-letter{display:inline-block}<\/style>\t\t\t\t<p class=\"elementor-heading-title elementor-size-default\">Historischer Gew\u00f6lbekeller<\/p>\t\t\t\t\t\t<\/div>\n\t\t\t\t<\/div>\n\t\t\t\t<div class=\"elementor-element elementor-element-5851b1d elementor-widget elementor-widget-text-editor\" data-id=\"5851b1d\" data-element_type=\"widget\" data-widget_type=\"text-editor.default\">\n\t\t\t\t<div class=\"elementor-widget-container\">\n\t\t\t\t\t\t\t<p>Je l\u00e4nger der Tag dauert, umso n\u00e4her kommt die Nacht! \u2026da werden unsere \u201eSp\u00e4taufsteher\u201c aktiv. \u00a0Coole Cocktails, zauberhafte \u201eVerf\u00fchrerdrinks\u201c und ein abwechslungsreiches, musikalisches Entertainment erwarten Sie.<\/p><p>Geselligkeit h\u00f6rt in der Nacht nicht auf .. unter unserer Wirtsstube \u00f6ffnet im Herbst und Winter und sonst bei schlechtem Wetter von Donnerstag bis Samstag f\u00fcr Sie ab 20.00 Uhr unsere Wein- und Cocktailbar im historischen Gew\u00f6lbekeller \u201eSt\u00e4pfele\u201c. Mit frischen Bieren der Augustiner Brauerei M\u00fcnchen, unserer gro\u00dfen Karte mit internationalen Cocktails, Longdrinks, Aperitifs und Digestifs oder Non-Alcoholics und Softdrinks oder edlen Weinen, bieten wir in unserer St\u00e4pfele-Keller-Bar Night Life und Unterhaltung in einer pr\u00e4chtigen Gew\u00f6lbelocation.<\/p><p>Hier finden Sie genau das Richtige \u2013 zur Feier des Tages, zu Beginn eines sch\u00f6nen Abends oder zum finalen Ausklang<\/p><p>Wer gerne Cocktails trinkt, wird mit immer neuen St\u00e4pfele Drinks \u00fcberrascht<\/p>\t\t\t\t\t\t<\/div>\n\t\t\t\t<\/div>\n\t\t\t\t<\/div>\n\t\t<div class=\"elementor-element elementor-element-4aeef52 e-con-full e-flex e-con e-child\" data-id=\"4aeef52\" data-element_type=\"container\">\n\t\t\t\t<div class=\"elementor-element elementor-element-0dfbce1 elementor-widget elementor-widget-image\" data-id=\"0dfbce1\" data-element_type=\"widget\" data-widget_type=\"image.default\">\n\t\t\t\t<div class=\"elementor-widget-container\">\n\t\t\t<style>\/*! elementor - v3.23.0 - 05-08-2024 *\/\n.elementor-widget-image{text-align:center}.elementor-widget-image a{display:inline-block}.elementor-widget-image a img[src$=\".svg\"]{width:48px}.elementor-widget-image img{vertical-align:middle;display:inline-block}<\/style>\t\t\t\t\t\t\t\t\t\t<img decoding=\"async\" src=\"https:\/\/p-anu389.project.space\/wp-content\/uploads\/elementor\/thumbs\/17135_9973-qslwczlbnx7fq000zcv9fqyx9o26is0c6hdehigwo4.jpg\" title=\"17135_9973\" alt=\"17135_9973\" loading=\"lazy\" \/>\t\t\t\t\t\t\t\t\t\t\t\t\t<\/div>\n\t\t\t\t<\/div>\n\t\t\t\t<\/div>\n\t\t\t\t\t<\/div>\n\t\t\t\t<\/div>\n\t\t<div class=\"elementor-element elementor-element-77474a6 e-flex e-con-boxed e-con e-parent\" data-id=\"77474a6\" data-element_type=\"container\">\n\t\t\t\t\t<div class=\"e-con-inner\">\n\t\t\t\t<div class=\"elementor-element elementor-element-2fb89e1 elementor-widget elementor-widget-text-editor\" data-id=\"2fb89e1\" data-element_type=\"widget\" data-widget_type=\"text-editor.default\">\n\t\t\t\t<div class=\"elementor-widget-container\">\n\t\t\t\t\t\t\t<div id=\"mjs-object_382\" class=\"mjs-object mjs-object-htmlText\"><div class=\"mjs-object-content\"><p style=\"text-align: center;\">Raffinesse f\u00fcr alle Sinne. Aber auch mit einem Guten Tropfen l\u00e4sst sich im St\u00e4pfele der Abend ausklingen<\/p><\/div><\/div><div id=\"mjs-object_383\" class=\"mjs-object mjs-object-htmlText\"><div class=\"mjs-object-content\"><p style=\"text-align: center;\">Das St\u00e4pfele \u2013 Gastlichkeit im Herzen von N\u00f6rdlingen<\/p><\/div><\/div>\t\t\t\t\t\t<\/div>\n\t\t\t\t<\/div>\n\t\t\t\t\t<\/div>\n\t\t\t\t<\/div>\n\t\t<div class=\"elementor-element elementor-element-72f87cb e-flex e-con-boxed e-con e-parent\" data-id=\"72f87cb\" data-element_type=\"container\">\n\t\t\t\t\t<div class=\"e-con-inner\">\n\t\t\t\t<div class=\"elementor-element elementor-element-00f6bbd elementor-widget elementor-widget-text-editor\" data-id=\"00f6bbd\" data-element_type=\"widget\" data-widget_type=\"text-editor.default\">\n\t\t\t\t<div class=\"elementor-widget-container\">\n\t\t\t\t\t\t\t<p style=\"text-align: center;\">Unsere \u00d6ffnungszeiten im Weinst\u00e4pfele<\/p><p style=\"text-align: center;\">Freitagabend<\/p><p style=\"text-align: center;\">Samstagabend<\/p><p style=\"text-align: center;\">Buchungen f\u00fcr Gruppen und Gesellschaften au\u00dferhalb dieser Zeiten sind jederzeit m\u00f6glich<\/p>\t\t\t\t\t\t<\/div>\n\t\t\t\t<\/div>\n\t\t\t\t\t<\/div>\n\t\t\t\t<\/div>\n\t\t\t\t<section class=\"elementor-section elementor-top-section elementor-element elementor-element-5ec92fd3 elementor-section-height-min-height elementor-section-boxed elementor-section-height-default elementor-section-items-middle\" data-id=\"5ec92fd3\" data-element_type=\"section\" data-settings=\"{&quot;background_background&quot;:&quot;classic&quot;}\">\n\t\t\t\t\t\t\t<div class=\"elementor-background-overlay\"><\/div>\n\t\t\t\t\t\t\t<div class=\"elementor-container elementor-column-gap-default\">\n\t\t\t\t\t<div class=\"elementor-column elementor-col-100 elementor-top-column elementor-element elementor-element-341191de\" data-id=\"341191de\" data-element_type=\"column\">\n\t\t\t<div class=\"elementor-widget-wrap elementor-element-populated\">\n\t\t\t\t\t\t<div class=\"elementor-element elementor-element-2dbf9805 elementor-widget elementor-widget-text-editor\" data-id=\"2dbf9805\" data-element_type=\"widget\" data-widget_type=\"text-editor.default\">\n\t\t\t\t<div class=\"elementor-widget-container\">\n\t\t\t\t\t\t\t<p class=\"title\" style=\"text-align: center;\"><span style=\"color: #ffffff;\">ONLINE BUCHEN MIT BESTPREIS GARANTIE<\/span><\/p><div class=\"desc\" style=\"text-align: center;\">\u00a0<\/div><div class=\"more\" style=\"text-align: center;\"><span style=\"color: #e4bc36;\"><a style=\"color: #e4bc36;\" href=\"https:\/\/p-anu389.project.space\/index.php\/online-buchen\/\">JETZT BUCHEN<\/a><\/span><\/div>\t\t\t\t\t\t<\/div>\n\t\t\t\t<\/div>\n\t\t\t\t\t<\/div>\n\t\t<\/div>\n\t\t\t\t\t<\/div>\n\t\t<\/section>\n\t\t\t\t<\/div>\n\t\t","protected":false},"excerpt":{"rendered":"<p>Das St\u00e4pfele Historischer Gew\u00f6lbekeller Historischer Gew\u00f6lbekeller Je l\u00e4nger der Tag dauert, umso n\u00e4her kommt die Nacht! \u2026da werden unsere \u201eSp\u00e4taufsteher\u201c aktiv. \u00a0Coole Cocktails, zauberhafte \u201eVerf\u00fchrerdrinks\u201c und ein abwechslungsreiches, musikalisches Entertainment erwarten Sie. Geselligkeit h\u00f6rt in der Nacht nicht auf .. unter unserer Wirtsstube \u00f6ffnet im Herbst und Winter und sonst bei schlechtem Wetter von Donnerstag&hellip;<\/p>\n","protected":false},"author":1,"featured_media":0,"parent":0,"menu_order":0,"comment_status":"closed","ping_status":"closed","template":"","meta":{"footnotes":""},"class_list":["post-261","page","type-page","status-publish","hentry"],"_links":{"self":[{"href":"https:\/\/p-anu389.project.space\/index.php\/wp-json\/wp\/v2\/pages\/261","targetHints":{"allow":["GET"]}}],"collection":[{"href":"https:\/\/p-anu389.project.space\/index.php\/wp-json\/wp\/v2\/pages"}],"about":[{"href":"https:\/\/p-anu389.project.space\/index.php\/wp-json\/wp\/v2\/types\/page"}],"author":[{"embeddable":true,"href":"https:\/\/p-anu389.project.space\/index.php\/wp-json\/wp\/v2\/users\/1"}],"replies":[{"embeddable":true,"href":"https:\/\/p-anu389.project.space\/index.php\/wp-json\/wp\/v2\/comments?post=261"}],"version-history":[{"count":10,"href":"https:\/\/p-anu389.project.space\/index.php\/wp-json\/wp\/v2\/pages\/261\/revisions"}],"predecessor-version":[{"id":535,"href":"https:\/\/p-anu389.project.space\/index.php\/wp-json\/wp\/v2\/pages\/261\/revisions\/535"}],"wp:attachment":[{"href":"https:\/\/p-anu389.project.space\/index.php\/wp-json\/wp\/v2\/media?parent=261"}],"curies":[{"name":"wp","href":"https:\/\/api.w.org\/{rel}","templated":true}]}}